{"id":391,"date":"2022-10-22T12:25:27","date_gmt":"2022-10-22T12:25:27","guid":{"rendered":"https:\/\/pfw1.pl\/?page_id=391"},"modified":"2025-07-23T11:46:38","modified_gmt":"2025-07-23T11:46:38","slug":"schemat-najmu-szalunkow","status":"publish","type":"page","link":"https:\/\/pfw1.pl\/index.php\/schemat-najmu-szalunkow\/","title":{"rendered":"SCHEMAT NAJMU SZALUNK\u00d3W"},"content":{"rendered":"\n<p class=\"has-white-color has-text-color has-small-font-size\">Obowi\u0105zuje od 21\/10\/2022.<\/p>\n\n\n\n<p class=\"has-black-color has-text-color\"><strong><mark style=\"background-color:rgba(0, 0, 0, 0)\" class=\"has-inline-color has-luminous-vivid-orange-color\">ETAP I. ZAPYTANIE OFERTOWE<\/mark><\/strong><\/p>\n\n\n\n<p class=\"has-white-color has-text-color\">Zapytanie ofertowe nale\u017cy wys\u0142a\u0107 na adres mailowy <a href=\"mailto:biuro@pfw1.pl\">biuro@pfw1.pl<\/a>. W mailu powinny znale\u017a\u0107 si\u0119 poni\u017csze informacje niezb\u0119dne do przygotowania Oferty Najmu Szalunk\u00f3w:<\/p>\n\n\n\n<div class=\"wp-block-group is-vertical is-layout-flex wp-container-core-group-is-layout-1 wp-block-group-is-layout-flex\">\n<p class=\"has-white-color has-text-color\" style=\"letter-spacing:0px\">1. Dane wynajmuj\u0105cego:<\/p>\n\n\n\n<p class=\"has-white-color has-text-color\" style=\"letter-spacing:0px\"><strong>nazwa firmy, NIP, Imi\u0119 i nazwisko, numer telefonu, e-mail<\/strong>.<\/p>\n\n\n\n<p class=\"has-white-color has-text-color\" style=\"letter-spacing:0px\">2. Informacje o budowie:<\/p>\n\n\n\n<p class=\"has-white-color has-text-color\" style=\"letter-spacing:0px\"><strong>powierzchnia budynku, wysoko\u015b\u0107 stropu, typ stropu, adres budowy<\/strong><\/p>\n\n\n\n<p class=\"has-white-color has-text-color\" style=\"letter-spacing:0px\"><strong>Dla wynajmu systemowego konieczne jest za\u0142\u0105czenie rzutu budynku lub wys\u0142anie go na adres <a href=\"mailto:biuro@pfw1.pl\">biuro@pfw1.pl<\/a><\/strong>.<\/p>\n\n\n\n<p class=\"has-white-color has-text-color\" style=\"letter-spacing:0px\">3. Informacje uzupe\u0142niaj\u0105ce:<\/p>\n\n\n\n<p class=\"has-white-color has-text-color\" style=\"letter-spacing:0px\"><strong>szacowany czas najmu<\/strong>, <strong>planowany termin rozpocz\u0119cia najmu<\/strong>, <strong>spos\u00f3b transportu: w\u0142asny \/ PFW1<\/strong>.<\/p>\n<\/div>\n\n\n\n<p class=\"has-white-color has-text-color\">Po otrzymaniu zapytania od klienta bez powy\u017cszych informacji, PFW1 wysy\u0142a e-mail z adresu biuro@pfw1.pl z pro\u015bb\u0105 o ich podanie do przygotowania Oferty Najmu Szalunk\u00f3w.<\/p>\n\n\n\n<p class=\"has-black-color has-text-color\"><strong><mark style=\"background-color:rgba(0, 0, 0, 0)\" class=\"has-inline-color has-luminous-vivid-orange-color\">ETAP II. OFERTA NAJMU SZALUNK\u00d3W<\/mark><\/strong><\/p>\n\n\n\n<div class=\"wp-block-group\"><div class=\"wp-block-group__inner-container is-layout-flow wp-block-group-is-layout-flow\">\n<p class=\"has-white-color has-text-color\">Po otrzymaniu odpowiedzi od klienta z wszystkimi wymaganymi informacjami, na ich podstawie przygotowywana jest Oferta Najmu Szalunk\u00f3w, wa\u017cna 14 dni kalendarzowych. Nast\u0119pnie wysy\u0142ana jest ona do klienta na podanego przez niego maila. Ponadto klient otrzymuje wiadomo\u015b\u0107 SMS z informacj\u0105 o otrzymaniu oferty na adres mailowy.<\/p>\n\n\n\n<p class=\"has-luminous-vivid-amber-color has-text-color\">Czas wys\u0142ania oferty od otrzymania zapytania od klienta: do 48h.<\/p>\n<\/div><\/div>\n\n\n\n<p class=\"has-black-color has-text-color\"><strong><mark style=\"background-color:rgba(0, 0, 0, 0)\" class=\"has-inline-color has-luminous-vivid-orange-color\">ETAP III. AKCEPTACJA OFERTY NAJMU SZALUNK\u00d3W<\/mark><\/strong><\/p>\n\n\n\n<div class=\"wp-block-group is-nowrap is-layout-flex wp-container-core-group-is-layout-3 wp-block-group-is-layout-flex\">\n<p class=\"has-white-color has-text-color\">Po otrzymaniu Oferty Najmu Szalunk\u00f3w klient ma 14 dni kalendarzowych na jej akceptacj\u0119 i negocjacj\u0119 warunk\u00f3w umowy. Akceptacja oferty odbywa si\u0119 poprzez dostarczenie \/ odes\u0142anie do biura PFW1 podpisanej i opiecz\u0119towanej oferty na obu stronach. Po otrzymaniu akceptacji przez PFW1 nast\u0119puje przygotowanie Umowy Najmu Szalunk\u00f3w i wys\u0142anie jej do klienta je\u015bli wyrazi tak\u0105 potrzeb\u0119.<\/p>\n<\/div>\n\n\n\n<div class=\"wp-block-group\"><div class=\"wp-block-group__inner-container is-layout-flow wp-block-group-is-layout-flow\">\n<p class=\"has-luminous-vivid-amber-color has-text-color\">Czas wys\u0142ania do klienta wzoru Umowy Najmu szalunk\u00f3w od momentu akceptacji Oferty Najmu Szalunk\u00f3w: do 48h.<\/p>\n<\/div><\/div>\n\n\n\n<p class=\"has-black-color has-text-color\"><strong><mark style=\"background-color:rgba(0, 0, 0, 0)\" class=\"has-inline-color has-luminous-vivid-orange-color\">ETAP IV. UMOWA NAJMU SZALUNK\u00d3W<\/mark><\/strong><\/p>\n\n\n\n<div class=\"wp-block-group\"><div class=\"wp-block-group__inner-container is-layout-flow wp-block-group-is-layout-flow\">\n<p class=\"has-white-color has-text-color\">Po przygotowaniu i wys\u0142aniu do klienta Umowy Najmu Szalunk\u00f3w mailem oraz powiadomieniu SMS o przygotowanej umowie, klient jest zobowi\u0105zany dok\u0142adnie si\u0119 z ni\u0105 zapozna\u0107 wraz za\u0142\u0105cznikami oraz wg wcze\u015bniejszych ustale\u0144 odes\u0142a\u0107 podpisan\u0105 Umow\u0119 Najmu Szalunk\u00f3w we wskazanych miejscach wraz ze wszystkimi za\u0142\u0105cznikami lub ustali\u0107 termin podpisania umowy w biurze PFW1. Do umowy do\u0142\u0105czona jest faktura w przypadku firm lub &#8222;zam\u00f3wienie klienta&#8221; ZK (paragon drukowany jest po uiszczeniu wp\u0142aty na konto lub got\u00f3wk\u0105) w przypadku os\u00f3b prywatnych obejmuj\u0105ca koszt najmu za szacowany okres najmu, koszt projektu w przypadku najmu systemowego oraz koszt transportu, je\u015bli klient wybra\u0142 opcj\u0119 z najmu z transportem. Ponadto konieczne jest wp\u0142acenie kaucji zwrotnej przelewem na nr konta PFW1:<\/p>\n\n\n\n<div class=\"wp-block-group\"><div class=\"wp-block-group__inner-container is-layout-flow wp-block-group-is-layout-flow\">\n<div class=\"wp-block-group\"><div class=\"wp-block-group__inner-container is-layout-flow wp-block-group-is-layout-flow\">\n<div class=\"wp-block-group is-vertical is-layout-flex wp-container-core-group-is-layout-5 wp-block-group-is-layout-flex\">\n<p class=\"has-white-color has-text-color\"><strong>PlatFormWorkOne Sp. z o.o. <\/strong><\/p>\n\n\n\n<p class=\"has-white-color has-text-color\"><strong>79 1140 2004 0000 3302 8144 3712 <\/strong><\/p>\n\n\n\n<p class=\"has-white-color has-text-color\"><strong>tytu\u0142em: WP\u0141ATA KAUCJI ZWROTNEJ DO UMOWY NAJMU xx\/2022\/U<\/strong><\/p>\n<\/div>\n<\/div><\/div>\n<\/div><\/div>\n<\/div><\/div>\n\n\n\n<div class=\"wp-block-group is-vertical is-layout-flex wp-container-core-group-is-layout-9 wp-block-group-is-layout-flex\">\n<p class=\"has-luminous-vivid-amber-color has-text-color\">Czas na podpisanie umowy i wp\u0142at\u0119 kaucji: <strong>wg ustale\u0144 z klientem, jednak nie p\u00f3\u017aniej ni\u017c 5 dni roboczych<\/strong><\/p>\n\n\n\n<p class=\"has-luminous-vivid-amber-color has-text-color\"><strong>przed planowan\u0105 dat\u0105 odbioru Sprz\u0119tu.<\/strong><\/p>\n<\/div>\n\n\n\n<p class=\"has-black-color has-text-color\"><strong><mark style=\"background-color:rgba(0, 0, 0, 0)\" class=\"has-inline-color has-luminous-vivid-orange-color\">ETAP V. ODBI\u00d3R SPRZ\u0118TU<\/mark><\/strong><\/p>\n\n\n\n<div class=\"wp-block-group is-vertical is-layout-flex wp-container-core-group-is-layout-10 wp-block-group-is-layout-flex\">\n<p class=\"has-white-color has-text-color\">Odbi\u00f3r Sprz\u0119tu nast\u0119puje w ustalonym uprzednio pomi\u0119dzy PFW1 a klientem terminie. Termin odbioru Sprz\u0119tu ustalany jest po podpisaniu przez obie strony Umowy Najmu Szalunk\u00f3w oraz wp\u0142aceniu kaucji zwrotnej oraz op\u0142aceniu FV lub ZK (data zaksi\u0119gowania na koncie PFW1). Dokumentem potwierdzaj\u0105cym odbi\u00f3r jest &#8222;Protok\u00f3\u0142 odbioru Sprz\u0119tu&#8221; zawieraj\u0105cy informacje ilo\u015bciowe oraz wag\u0119 Sprz\u0119tu, a tak\u017ce podpisy wydaj\u0105cego i odbieraj\u0105cego Sprz\u0119t.<\/p>\n<\/div>\n\n\n\n<p class=\"has-black-color has-text-color\"><strong><mark style=\"background-color:rgba(0, 0, 0, 0)\" class=\"has-inline-color has-luminous-vivid-orange-color\">ETAP VI. ZWROT SPRZ\u0118TU<\/mark><\/strong><\/p>\n\n\n\n<p class=\"has-white-color has-text-color\"><strong>Zwrot Sprz\u0119tu nast\u0119puje po z\u0142o\u017ceniu przez klienta awizacji do PFW1 w terminie nie kr\u00f3tszym ni\u017c 3 dni przed planowanym zwrotem.<\/strong> Sprz\u0119t zwracany osobi\u015bcie nale\u017cy dostarczy\u0107 do magazynu PFW1 zachowuj\u0105c standardy bezpiecze\u0144stwa podczas transportu. Sprz\u0119t zwracany poprzez transport PFW1 nale\u017cy przygotowa\u0107 do przetransportowania w spos\u00f3b to\u017csamy z tym jak zosta\u0142 dostarczony. Po dokonaniu zwrotu Sprz\u0119tu, jest on liczony i sprawdzany pod k\u0105tem uszkodze\u0144 i zabrudze\u0144. Na jego podstawie wydawany jest &#8222;Protok\u00f3\u0142 zwrotu Sprz\u0119tu&#8221; zawieraj\u0105cy informacje dotycz\u0105ce stanu ilo\u015bciowego i jako\u015bciowego Sprz\u0119tu po zwrocie oraz informacje o ewentualnych kosztach dodatkowych. Faktura lub ZK ko\u0144cowe jest wystawiane w ci\u0105gu 48h od podpisania &#8222;Protoko\u0142u Zwrotu Sprz\u0119tu&#8221; przez klienta. Kaucja  jest zwracana w terminie 30 dni od uiszczenia ewentualnych koszt\u00f3w dodatkowych i koszt\u00f3w transportu zwrotnego (je\u015bli wybrano opcj\u0119 transport PFW1) zawartych w FV lub ZK ko\u0144cowym.<\/p>\n\n\n\n<p class=\"has-luminous-vivid-amber-color has-text-color\">Czas na sprawdzenie sprz\u0119tu po dokonaniu zwrotu przez klienta i wystawienie Protoko\u0142u Zwrotu Sprz\u0119tu: do 5 dni roboczych.<\/p>\n\n\n\n<p><strong><mark style=\"background-color:rgba(0, 0, 0, 0)\" class=\"has-inline-color has-luminous-vivid-orange-color\">WA\u017bNE INFORMACJE<\/mark><\/strong><\/p>\n\n\n\n<ul class=\"has-white-color has-text-color\">\n<li><strong>Podana d\u0142ugo\u015b\u0107 realizacji etapu II i III jest maksymalnym czasem jej wykonania przez PFW1, zwykle trwa to od kilku minut do kilu godzin.<\/strong><\/li>\n\n\n\n<li><strong>Najkr\u00f3tszy mo\u017cliwy czas realizacji wynajmu szalunk\u00f3w w trybie standardowym od Zapytania klienta do odbioru Sprz\u0119tu to 5 dni roboczych.<\/strong><\/li>\n\n\n\n<li><strong>Nale\u017cy pami\u0119ta\u0107, \u017ce czas realizacji zlecenia zale\u017cy w du\u017cej mierze od szybko\u015bci reakcji klienta i wysy\u0142ania przez niego wymaganych informacji oraz dokument\u00f3w.<\/strong><\/li>\n\n\n\n<li><strong>Zapytania z terminem odbioru Sprz\u0119tu na <mark style=\"background-color:rgba(0, 0, 0, 0)\" class=\"has-inline-color has-luminous-vivid-orange-color\">WCZORAJ<\/mark> lub <mark style=\"background-color:rgba(0, 0, 0, 0)\" class=\"has-inline-color has-luminous-vivid-orange-color\">JUTRO<\/mark> liczymy <mark style=\"background-color:rgba(0, 0, 0, 0)\" class=\"has-inline-color has-luminous-vivid-orange-color\">EXTRA<\/mark>!<\/strong> <strong>Mo\u017cliwy jest przyspieszony tryb najmu, jednak wi\u0105\u017ce si\u0119 on z dodatkowymi kosztami.<\/strong><\/li>\n<\/ul>\n","protected":false},"excerpt":{"rendered":"<p>Obowi\u0105zuje od 21\/10\/2022. ETAP I. ZAPYTANIE OFERTOWE Zapytanie ofertowe nale\u017cy wys\u0142a\u0107 na adres mailowy biuro@pfw1.pl. W mailu powinny znale\u017a\u0107 si\u0119 poni\u017csze informacje niezb\u0119dne do przygotowania Oferty Najmu Szalunk\u00f3w: 1. Dane wynajmuj\u0105cego: nazwa firmy, NIP, Imi\u0119 i nazwisko, numer telefonu, e-mail. 2. Informacje o budowie: powierzchnia budynku, wysoko\u015b\u0107 stropu, typ stropu, adres budowy Dla wynajmu systemowego [&hellip;]<\/p>\n","protected":false},"author":2,"featured_media":0,"parent":0,"menu_order":1,"comment_status":"closed","ping_status":"closed","template":"","meta":{"footnotes":""},"_links":{"self":[{"href":"https:\/\/pfw1.pl\/index.php\/wp-json\/wp\/v2\/pages\/391"}],"collection":[{"href":"https:\/\/pfw1.pl\/index.php\/wp-json\/wp\/v2\/pages"}],"about":[{"href":"https:\/\/pfw1.pl\/index.php\/wp-json\/wp\/v2\/types\/page"}],"author":[{"embeddable":true,"href":"https:\/\/pfw1.pl\/index.php\/wp-json\/wp\/v2\/users\/2"}],"replies":[{"embeddable":true,"href":"https:\/\/pfw1.pl\/index.php\/wp-json\/wp\/v2\/comments?post=391"}],"version-history":[{"count":15,"href":"https:\/\/pfw1.pl\/index.php\/wp-json\/wp\/v2\/pages\/391\/revisions"}],"predecessor-version":[{"id":890,"href":"https:\/\/pfw1.pl\/index.php\/wp-json\/wp\/v2\/pages\/391\/revisions\/890"}],"wp:attachment":[{"href":"https:\/\/pfw1.pl\/index.php\/wp-json\/wp\/v2\/media?parent=391"}],"curies":[{"name":"wp","href":"https:\/\/api.w.org\/{rel}","templated":true}]}}