{"id":84,"date":"2021-10-21T13:13:45","date_gmt":"2021-10-21T13:13:45","guid":{"rendered":"https:\/\/pfw1.pl\/?page_id=84"},"modified":"2025-07-23T11:44:57","modified_gmt":"2025-07-23T11:44:57","slug":"kontakt","status":"publish","type":"page","link":"https:\/\/pfw1.pl\/index.php\/kontakt\/","title":{"rendered":"KONTAKT"},"content":{"rendered":"\n<div class=\"wp-block-columns is-layout-flex wp-container-core-columns-is-layout-1 wp-block-columns-is-layout-flex\">\n<div class=\"wp-block-column is-layout-flow wp-block-column-is-layout-flow\" style=\"flex-basis:100%\"><\/div>\n<\/div>\n\n\n\n<div class=\"wp-block-columns is-layout-flex wp-container-core-columns-is-layout-5 wp-block-columns-is-layout-flex\">\n<div class=\"wp-block-column is-layout-flow wp-block-column-is-layout-flow\" style=\"flex-basis:100%\">\n<div class=\"wp-block-columns is-layout-flex wp-container-core-columns-is-layout-2 wp-block-columns-is-layout-flex\"><\/div>\n\n\n\n<div class=\"wp-block-columns is-layout-flex wp-container-core-columns-is-layout-3 wp-block-columns-is-layout-flex\">\n<div class=\"wp-block-column is-layout-flow wp-block-column-is-layout-flow\">\n<p class=\"has-luminous-vivid-orange-color has-text-color\"><strong>BIURO I MAGAZYN:<\/strong><\/p>\n\n\n\n<div class=\"wp-block-group has-white-color has-text-color is-vertical is-layout-flex wp-container-core-group-is-layout-1 wp-block-group-is-layout-flex\">\n<p class=\"has-white-color has-text-color\"><\/p>\n\n\n\n<p class=\"has-white-color has-text-color\">ul. Lubelska 32A<\/p>\n\n\n\n<p class=\"has-white-color has-text-color\">26-603 Radom<\/p>\n\n\n\n<p>793 472 223<\/p>\n\n\n\n<p><\/p>\n\n\n\n<p><a href=\"mailto:biuro@pfw1.pl\">biuro@pfw1.pl<\/a><\/p>\n<\/div>\n\n\n\n<p class=\"has-white-color has-text-color\">Odwied\u017a nas na:<\/p>\n\n\n\n<figure class=\"wp-block-image size-full is-resized is-style-default\"><a href=\"https:\/\/www.facebook.com\/PlatFormWorkOne\"><img loading=\"lazy\" decoding=\"async\" width=\"378\" height=\"133\" src=\"https:\/\/pfw1.pl\/wp-content\/uploads\/2022\/10\/pobrane-1-1.png\" alt=\"\" class=\"wp-image-682\" style=\"width:108px;height:38px\" srcset=\"https:\/\/pfw1.pl\/wp-content\/uploads\/2022\/10\/pobrane-1-1.png 378w, https:\/\/pfw1.pl\/wp-content\/uploads\/2022\/10\/pobrane-1-1-300x106.png 300w, https:\/\/pfw1.pl\/wp-content\/uploads\/2022\/10\/pobrane-1-1-1x1.png 1w\" sizes=\"(max-width: 378px) 100vw, 378px\" \/><\/a><\/figure>\n<\/div>\n\n\n\n<div class=\"wp-block-column is-layout-flow wp-block-column-is-layout-flow\">\n<p class=\"has-luminous-vivid-orange-color has-text-color\"><strong>GODZINY OTWARCIA:<\/strong><\/p>\n\n\n\n<p class=\"has-white-color has-text-color\"><strong>ZAPRASZAMY:<\/strong><br><strong>8-16    Poniedzia\u0142ek<\/strong><br><strong>8-16    Wtorek<\/strong><br><strong>8-16    \u015aroda<\/strong><br><strong>8-16    Czwartek<\/strong><br><strong>8-16    Pi\u0105tek<\/strong><\/p>\n<\/div>\n<\/div>\n\n\n\n<div class=\"wp-block-columns is-layout-flex wp-container-core-columns-is-layout-4 wp-block-columns-is-layout-flex\">\n<div class=\"wp-block-column is-layout-flow wp-block-column-is-layout-flow\">\n<p><span class=\"has-inline-color has-white-color\">PlatFormWorkOne Sp.z o.o.<br \/>ul. Wschodnia 43<\/span><span class=\"has-inline-color has-black-color\"><br \/><\/span><span class=\"has-inline-color has-white-color\">26-500 Szyd\u0142owiec<br \/>NIP: 7991978293<br \/>REGON: 38937766000000<br \/>KRS: 0000909947<\/span><\/p>\n<\/div>\n\n\n\n<div class=\"wp-block-column is-layout-flow wp-block-column-is-layout-flow\">\n<p><span style=\"color: #ff6600;\"><strong>KONTAKT:<\/strong><\/span><br \/><span style=\"color: #ffffff;\"><strong>Paulina<\/strong> 731 136 666<\/span><br \/><span style=\"color: #ffffff;\"><a style=\"color: #ffffff;\" href=\"mailto:tomczyk@pfw1.pl\">tomczyk@pfw1.pl<\/a><\/span><br \/><span style=\"color: #ffffff;\"><strong>Mateusz<\/strong> 518 594 410<\/span><br \/><span style=\"color: #ffffff;\"><a style=\"color: #ffffff;\" href=\"mailto:michalkiewicz@pfw1.pl\">michalkiewicz@pfw1.pl<\/a><\/span><br \/><span style=\"color: #ffffff;\"><strong>Faktury<\/strong> <a style=\"color: #ffffff;\" href=\"mailto:faktury@pfw1.pl\">faktury@pfw1.pl<\/a><\/span><\/p>\n<\/p>\n<\/div>\n<\/div>\n<\/div>\n<\/div>\n\n\n\n<p><\/p>\n\n\n<p><iframe loading=\"lazy\" style=\"border: 0;\" src=\"https:\/\/www.google.com\/maps\/embed?pb=!1m14!1m8!1m3!1d462.8560503550148!2d21.178484585044192!3d51.39822254374695!3m2!1i1024!2i768!4f13.1!3m3!1m2!1s0x0%3A0xe296fffe267fa321!2sPlatFormWorkOne!5e0!3m2!1spl!2spl!4v1650020005364!5m2!1spl!2spl\" width=\"600\" height=\"450\" allowfullscreen=\"allowfullscreen\"><\/iframe><\/p>","protected":false},"excerpt":{"rendered":"<p>BIURO I MAGAZYN: ul. Lubelska 32A 26-603 Radom 793 472 223 biuro@pfw1.pl Odwied\u017a nas na: GODZINY OTWARCIA: ZAPRASZAMY:8-16 Poniedzia\u0142ek8-16 Wtorek8-16 \u015aroda8-16 Czwartek8-16 Pi\u0105tek PlatFormWorkOne Sp.z o.o.ul. Wschodnia 4326-500 Szyd\u0142owiecNIP: 7991978293REGON: 38937766000000KRS: 0000909947 KONTAKT:Paulina 731 136 666tomczyk@pfw1.plMateusz 518 594 410michalkiewicz@pfw1.plFaktury faktury@pfw1.pl<\/p>\n","protected":false},"author":1,"featured_media":0,"parent":0,"menu_order":0,"comment_status":"closed","ping_status":"closed","template":"full-width.php","meta":{"footnotes":""},"_links":{"self":[{"href":"https:\/\/pfw1.pl\/index.php\/wp-json\/wp\/v2\/pages\/84"}],"collection":[{"href":"https:\/\/pfw1.pl\/index.php\/wp-json\/wp\/v2\/pages"}],"about":[{"href":"https:\/\/pfw1.pl\/index.php\/wp-json\/wp\/v2\/types\/page"}],"author":[{"embeddable":true,"href":"https:\/\/pfw1.pl\/index.php\/wp-json\/wp\/v2\/users\/1"}],"replies":[{"embeddable":true,"href":"https:\/\/pfw1.pl\/index.php\/wp-json\/wp\/v2\/comments?post=84"}],"version-history":[{"count":92,"href":"https:\/\/pfw1.pl\/index.php\/wp-json\/wp\/v2\/pages\/84\/revisions"}],"predecessor-version":[{"id":836,"href":"https:\/\/pfw1.pl\/index.php\/wp-json\/wp\/v2\/pages\/84\/revisions\/836"}],"wp:attachment":[{"href":"https:\/\/pfw1.pl\/index.php\/wp-json\/wp\/v2\/media?parent=84"}],"curies":[{"name":"wp","href":"https:\/\/api.w.org\/{rel}","templated":true}]}}